of q(2)?
0
Suppose 2*t - 2*m = 0, -2*m + 6*m = 0. Suppose 4*z - z + 5*x + 23 = 0, -2*z - 2*x - 22 = t. Let k = 28 + z. What is the tens digit of k?
1
Let j(r) = -11*r + 4. Let d(s) = -s**3 - 5*s**2 - 5*s - 1. Let i be d(-3). What is the tens digit of j(i)?
4
Let c(p) = 36*p - 27. What is the tens digit of c(31)?
8
Let a = -2162 + 3102. What is the hundreds digit of a?
9
Let j be (-11 - -1)*(-1)/2. Suppose 2*b + j - 3 = 0. What is the tens digit of 25 - (1 - b - 1)?
2
Let a(d) = 4*d**2 - 3*d - 5. Let l be a(5). What is the units digit of l + 1 + -17 + 19?
3
Let i = 2926 - 834. Let u be (-26)/65 - (-28)/(-5). What is the units digit of u/(-45) + i/60?
5
Let a(g) = 4*g**2 - 5*g**2 + 8*g + 0*g**2 - 4*g**2 + g**3. Let q be a(6). Suppose 4*m - q = 2*m - 2*r, 0 = 3*m + r - 136. What is the tens digit of m?
4
Let o(l) be the second derivative of -l**4/12 - 11*l**3/6 + 7*l**2 + 5*l. Let t be o(-12). Suppose 0*x - 40 = -t*x. What is the units digit of x?
0
What is the units digit of 266 + (-9 + 6 - -1)?
4
Suppose 0*g + 4*b - 28 = -g, 0 = -4*b - 4. Suppose 2*c + 0*c - 3*f - g = 0, -2*c - f + 48 = 0. What is the tens digit of c?
2
Suppose 5*s = -h + 7, h = -0 - 3. Suppose 7*t = -s*t + 81. What is the units digit of t?
9
Let v(s) = -s**3 - 31*s**2 - 23*s - 7. What is the thousands digit of v(-32)?
1
Let y = 51 + 503. What is the hundreds digit of y?
5
Let x(v) = -v**2 + 3*v - 1. Let y be x(1). Let d(j) = j**2 + 1. Let r(a) = -4*a**2 - a - 5. Let m(l) = y*r(l) + 5*d(l). What is the units digit of m(3)?
6
Suppose -14 = -3*p + 394. Suppose -2*a = -a - p. What is the tens digit of a?
3
Suppose -4*y = u - 239, u - 5*y = -150 + 380. What is the units digit of u?
5
Suppose 4*x - 11*x = -28. Suppose x*o - 161 = 151. What is the tens digit of o?
7
Let v(a) = -15*a - 4. Let j(i) = -2*i + 1. Let b be j(5). Let z be v(b). Let w = z + -88. What is the tens digit of w?
4
Let n(z) = z. Suppose 4*p = -15 + 11. Let o(d) = -37*d - 3. Let c(g) = p*o(g) - 6*n(g). What is the tens digit of c(2)?
6
Let p be -1*(-7)/(21/(-132)). Let w = p - -45. What is the units digit of w?
1
Let a(k) = -k - 2. Let v(z) = 15*z + 30. Let c(o) = -2*a(o) + v(o). What is the units digit of c(10)?
4
Suppose 4 = 2*a - 2*d, -7*a + 3*a - 10 = 2*d. Let g(i) = 191*i**2. Let q be g(a). Suppose 5*p = 3*p - 2*c + 78, 0 = -5*p - c + q. What is the tens digit of p?
3
What is the tens digit of ((-102670)/(-9))/10 + 6/27?
4
Let x = 14 - 11. Suppose k = -2*h + 18, x*h + 4 = 7. What is the units digit of 1 - -24 - 48/k?
2
Let z(q) = 24*q**2 - 10*q + 97. What is the hundreds digit of z(6)?
9
Suppose j - 791 = -3*o, 5*j + 5 = 30. Suppose -4*q - 2*b + o = -0*b, 0 = -3*q + 3*b + 210. What is the tens digit of q?
6
Let i(m) = -m**2 + 10*m - 1. Let w be i(9). Suppose -w - 4 = -p. Let q = p - -6. What is the tens digit of q?
1
Let j = 2 - 3. Let f be 1 + j - 0/(-1). Suppose -5*v = 4*z - 95, f*z + 3*z = 15. What is the tens digit of v?
1
Suppose 0 = 2*j - 4*f - 434, 3*j = -5*f + 308 + 365. Let k = j + -130. What is the units digit of k?
1
Let r = -77 - -384. What is the hundreds digit of r?
3
Let f be 14/(-4)*(127 + 11). Let b = -310 - f. What is the units digit of b?
3
Let a(k) = -2*k**3 - 4*k**2 + 1. Let p be a(-3). Let i = 73 - p. What is the tens digit of i?
5
Let v(f) = -10*f**2 - 7*f + 10. Let q be v(2). What is the units digit of (-1)/(-4) - 1001/q?
3
Let s be (-16)/(-40) - 36/(-10). Suppose 3*i = 2*z - s*z + 76, 3*i + 4*z - 74 = 0. Suppose 4*k = -4*r + k + 93, r - i = 2*k. What is the tens digit of r?
2
Suppose 15*h = 12*h - 27. What is the tens digit of ((-1)/(-2))/(h/(-1242))?
6
Let q(h) = -h**2 - 13*h + 5. Let m be q(-13). Suppose 3*g - 31 = g - m*l, -23 = -4*g + 3*l. What is the units digit of g?
8
Suppose -3*g + 5*q + 439 = -1176, -g + 536 = -4*q. What is the hundreds digit of g?
5
Suppose -34*v - 1472 = -36*v. What is the tens digit of v?
3
Let w = 146 - -255. What is the units digit of w?
1
Let o = -129 + 256. Suppose 2*k - x - o = 0, 2*x + 32 + 33 = k. What is the units digit of k?
3
Let x(q) = -3*q + 17. Let y be x(5). Suppose y*n = -5*v + 27, 3*n = -0*n - 2*v + 68. What is the units digit of n?
6
Let r(u) = -u**3 - 9*u**2 - 10*u - 2. Let k(w) = w**3 - 2*w**2 - 3*w. Let b be k(3). Suppose b*s + 8 = -s. What is the tens digit of r(s)?
1
Suppose -5*h + 1 = -34. Suppose -h*g = -10*g + 309. What is the hundreds digit of g?
1
What is the units digit of (1 + 0)/((-2)/(-10)) + 161?
6
Let r(a) = 159*a - 5. What is the hundreds digit of r(1)?
1
Let v(d) = 2977*d**2 + 6*d - 7. What is the thousands digit of v(1)?
2
Suppose 0*d + d = 15. Let r = d + -13. What is the units digit of r?
2
Let i = 54 - 52. What is the units digit of -4*(i/3)/(8/(-417))?
9
Let g = 7597 + -2040. What is the tens digit of g?
5
Let w(s) = -12*s - 29. Let u be w(-8). Suppose u*p = 64*p + 342. What is the tens digit of p?
1
Let h = 1341 + 431. What is the hundreds digit of h?
7
What is the units digit of ((-540)/(-450))/((-3)/(-1840))?
6
Suppose 4*k + 50 = 9*k. Let j(f) = f**3 + 4*f**2 - f + 5. Let v be j(-4). Let x = k + v. What is the units digit of x?
9
What is the hundreds digit of -121 - -121 - 1*-1139?
1
Let d = -772 + 2058. What is the units digit of d?
6
Let s = 16 - 16. Suppose s = f - 1, 5*i - 5*f = -4*f + 39. Suppose i*l = 5*l + 21. What is the units digit of l?
7
Let g = -601 - -1349. What is the units digit of g?
8
Let x(c) = -c**2 + 14*c + 1. Let s be x(14). Suppose -7 = -2*t - s. What is the units digit of t?
3
Let k(n) = n**3 + 15*n**2 - 15*n + 17. Let q be k(-15). Suppose 0 = 2*w + 4*m - 162 + 38, q = 4*w + 2*m. What is the tens digit of w?
6
Suppose a = -4*a + 2*s + 374, -4*s = -12. What is the tens digit of a?
7
Let j be (5 - -1)/(2/(3 - 1)). What is the units digit of j/15 + 165/25?
7
Let q be (1 - 0)*(-2 - -6). Suppose -3*i + 5*i = -q. What is the tens digit of i/6 + 62/6?
1
Let s be 39 - 2/(-3)*3. Suppose 0 = -2*b - 3*v + v - 2, 3*b + 5*v + 3 = 0. Let q = s - b. What is the units digit of q?
2
What is the hundreds digit of 2/(-8) + (-1994)/(-32)*4?
2
Suppose 0 = 7*o - 2789 - 809. What is the tens digit of o?
1
Suppose -i = i + t - 235, 0 = 5*t - 25. Suppose i = -4*k - 181. Let j = -49 - k. What is the units digit of j?
5
Suppose 10*f = -2*p + 8*f + 4276, -p + 2*f + 2138 = 0. What is the units digit of p?
8
Let o(v) = v**2 - v - 10. Let i be o(0). Let c(f) = -f**3 - 9*f**2 + 9*f - 4. Let h be c(i). Suppose h*b - b - 15 = 0. What is the units digit of b?
3
Let p(g) = -g + 3. Let l(s) = -s + 2. Let m be l(-4). Suppose 5*k = 7*k + m. What is the units digit of p(k)?
6
Let i(y) = 5*y**2 - 2*y - 3. Let v be i(4). Suppose h - v = -0*h. What is the tens digit of h?
6
Let i = 1597 - 1329. What is the units digit of i?
8
Let w be ((-1156)/10)/(1/(-5)). Suppose w + 313 = 9*c. What is the tens digit of c?
9
Suppose 0 = -19*c + 671 + 4516. What is the units digit of c?
3
Let y(u) = 4687*u**3 - 2*u**2 + 2*u - 1. What is the hundreds digit of y(1)?
6
Let f = -228 + 687. What is the tens digit of f?
5
Suppose 7*n - 9 = -2. What is the units digit of n*(18 - 3/(-3))?
9
Let d(s) = 11*s - 61. Let n be d(6). Suppose 4*h = -r + 617, -n*r - 301 = -2*h - 4*r. What is the hundreds digit of h?
1
Suppose -2*w = -5 - 7. Suppose w*p = -2*p + 624. What is the tens digit of p?
7
Let t(h) = -3*h**3 - 28*h**2 - 57*h + 45. Let j(o) = o**3 + 14*o**2 + 29*o - 22. Let c(p) = 5*j(p) + 2*t(p). What is the units digit of c(15)?
0
Suppose -11*j - 992 = -19*j. What is the hundreds digit of j?
1
Let y = 329 - 151. What is the hundreds digit of y?
1
Suppose 0 = 12*a + a - 2587. What is the tens digit of a?
9
Let j(u) = 27*u**2 + 8 - 11*u**2 + 2*u - 4*u**2 - u**3. What is the tens digit of j(12)?
3
Suppose -3*y - y = -8*y. Suppose 4*a + 233 = 4*u - 139, -5*u - 5*a + 415 = y. What is the units digit of u?
8
Let g(s) = -352*s - 15. What is the tens digit of g(-1)?
3
Suppose 22*s + 0*s - 15246 = 0. What is the units digit of s?
3
Suppose 0 = -6*h + 10*h - 12. Suppose 4*w + h*v = 5*v + 252, 0 = 4*w - 4*v - 244. Suppose -3*p - 5 = -w. What is the tens digit of p?
2
Suppose 5*q - 8 - 12 = 0, -3*q + 4 = -2*x. Let t = 575 + -559. Suppose 0*c = x*c - t. What is the units digit of c?
4
Suppose 0 = b + 3*b + 2*g - 1190, -2*g = -3*b + 875. What is the hundreds digit of 